194.
190
Calculate the remainder when 7560 is divided by 19.
17
What is the remainder when 205 is divided by 44?
29
Calculate the remainder when 925 is divided by 31.
26
Calculate the remainder when 602 is divided by 68.
58
What is the remainder when 890 is divided by 128?
122
What is the remainder when 518 is divided by 169?
11
What is the remainder when 337 is divided by 11?
7
Calculate the remainder when 1923 is divided by 37.
36
What is the remainder when 1969 is divided by 21?
16
Calculate the remainder when 1092 is divided by 68.
4
Calculate the remainder when 5905 is divided by 211.
208
Calculate the remainder when 364 is divided by 5.
4
What is the remainder when 103 is divided by 17?
1
Calculate the remainder when 12849 is divided by 257.
256
Calculate the remainder when 263 is divided by 48.
23
Calculate the remainder when 672 is divided by 45.
42
What is the remainder when 820 is divided by 156?
40
What is the remainder when 9586 is divided by 35?
31
Calculate the remainder when 92 is divided by 17.
7
Calculate the remainder when 377 is divided by 19.
16
Calculate the remainder when 2023 is divided by 23.
22
Calculate the remainder when 219 is divided by 75.
69
Calculate the remainder when 197 is divided by 4.
1
Calculate the remainder when 20083 is divided by 22.
19
What is the remainder when 289 is divided by 9?
1
Calculate the remainder when 345 is divided by 3.
0
Calculate the remainder when 681 is divided by 36.
33
Calculate the remainder when 6381 is divided by 11.
1
What is the remainder when 334 is divided by 200?
134
What is the remainder when 751 is divided by 41?
13
Calculate the remainder when 81 is divided by 56.
25
What is the remainder when 1624 is divided by 25?
24
What is the remainder when 982 is divided by 58?
54
Calculate the remainder when 4147 is divided by 2043.
61
Calculate the remainder when 396 is divided by 79.
1
Calculate the remainder when 297 is divided by 47.
15
What is the remainder when 84 is divided by 43?
41
What is the remainder when 24 is divided by 12?
0
What is the remainder when 2591 is divided by 144?
143
What is the remainder when 550 is divided by 79?
76
What is the remainder when 546 is divided by 217?
112
Calculate the remainder when 9 is divided by 7.
2
Calculate the remainder when 274 is divided by 33.
10
Calculate the remainder when 459 is divided by 8.
3
What is the remainder when 13690 is divided by 326?
324
What is the remainder when 305 is divided by 32?
17
What is the remainder when 297 is divided by 233?
64
What is the remainder when 472 is divided by 267?
205
Calculate the remainder when 1318 is divided by 11.
9
What is the remainder when 64 is divided by 13?
12
Calculate the remainder when 1536 is divided by 516.
504
Calculate the remainder when 105 is divided by 32.
9
Calculate the remainder when 590 is divided by 91.
44
What is the remainder when 1526 is divided by 51?
47
What is the remainder when 1708 is divided by 95?
93
Calculate the remainder when 3 is divided by 1.
0
Calculate the remainder when 38 is divided by 8.
6
Calculate the remainder when 131 is divided by 52.
27
Calculate the remainder when 537 is divided by 66.
9
Calculate the remainder when 1819 is divided by 24.
19
What is the remainder when 407 is divided by 108?
83
What is the remainder when 275 is divided by 138?
137
Calculate the remainder when 109 is divided by 66.
43
What is the remainder when 18029 is divided by 28?
25
What is the remainder when 158 is divided by 60?
38
Calculate the remainder when 74 is divided by 19.
17
Calculate the remainder when 1722 is divided by 23.
20
Calculate the remainder when 312 is divided by 177.
135
What is the remainder when 96 is divided by 86?
10
What is the remainder when 174 is divided by 18?
12
What is the remainder when 465 is divided by 52?
49
Calculate the remainder when 542 is divided by 297.
245
What is the remainder when 257 is divided by 41?
11
What is the remainder when 2307 is divided by 110?
107
What is the remainder when 671 is divided by 625?
46
Calculate the remainder when 544 is divided by 5.
4
What is the remainder when 407 is divided by 32?
23
Calculate the remainder when 285 is divided by 24.
21
What is the remainder when 371 is divided by 22?
19
What is the remainder when 168 is divided by 138?
30
Calculate the remainder when 685 is divided by 136.
5
What is the remainder when 80 is divided by 29?
22
Calculate the remainder when 420 is divided by 249.
171
What is the remainder when 447 is divided by 100?
47
What is the remainder when 27 is divided by 10?
7
What is the remainder when 236 is divided by 79?
78
Calculate the remainder when 82 is divided by 15.
7
What is the remainder when 1588 is divided by 7?
6
What is the remainder when 95955 is divided by 46?
45
Calculate the remainder when 119 is divided by 47.
25
What is the remainder when 172 is divided by 80?
12
What is the remainder when 1368 is divided by 6?
0
Calculate the remainder when 370 is divided by 88.
18
What is the remainder when 175 is divided by 8?
7
Calculate the remainder when 263 is divided by 64.
7
What is the remainder when 64 is divided by 32?
0
Calculate the remainder when 1167 is divided by 117.
114
Calculate the remainder when 10268 is divided by 11.
5
What is the remainder when 7323 is divided by 39?
30
What is the remainder when 1577 is divided by 196?
9
Calculate the remainder when 9268 is divided by 1851.
13
Calculate the remainder when 2033 is divided by 9.
8
Calculate the remainder when 324 is divided by 90.
54
Calculate the remainder when 3535 is divided by 26.
25
What is the remainder when 327 is divided by 86?
69
What is the remainder when 17 is divided by 10?
7
Calculate the remainder when 64 is divided by 37.
27
Calculate the remainder when 271 is divided by 31.
23
What is the remainder when 1145 is divided by 416?
313
What is the remainder when 85 is divided by 25?
10
Calculate the remainder when 150 is divided by 40.
30
Calculate the remainder when 1233 is divided by 125.
108
Calculate the remainder when 379 is divided by 48.
43
What is the remainder when 131 is divided by 90?
41
What is the remainder when 94 is divided by 7?
3
Calculate the remainder when 163 is divided by 42.
37
What is the remainder when 142 is divided by 53?
36
Calculate the remainder when 3229 is divided by 8.
5
What is the remainder when 2491 is divided by 196?
139
What is the remainder when 25 is divided by 4?
1
Calculate the remainder when 1470 is divided by 181.
22
Calculate the remainder when 47 is divided by 17.
13
What is the remainder when 71 is divided by 56?
15
What is the remainder when 219 is divided by 17?
15
Calculate the remainder when 265 is divided by 236.
29
Calculate the remainder when 170 is divided by 35.
30
Calculate the remainder when 7944 is divided by 153.
141
Calculate the remainder when 299 is divided by 11.
2
What is the remainder when 580 is divided by 98?
90
What is the remainder when 459 is divided by 149?
12
Calculate the remainder when 254 is divided by 43.
39
What is the remainder when 539 is divided by 27?
26
What is the remainder when 346 is divided by 169?
8
Calculate the remainder when 712 is divided by 25.
12
What is the remainder when 283 is divided by 57?
55
What is the remainder when 94 is divided by 28?
10
What is the remainder when 257 is divided by 37?
35
Calculate the remainder when 64 is divided by 50.
14
Calculate the remainder when 2022 is divided by 202.
2
What is the remainder when 16015 is divided by 112?
111
What is the remainder when 163 is divided by 65?
33
Calculate the remainder when 253 is divided by 105.
43
Calculate the remainder when 544 is divided by 66.
16
What is the remainder when 34 is divided by 32?
2
What is the remainder when 122 is divided by 30?
2
Calculate the remainder when 36 is divided by 24.
12
Calculate the remainder when 127 is divided by 34.
25
What is the remainder when 190 is divided by 58?
16
What is the remainder when 134 is divided by 33?
2
What is the remainder when 33 is divided by 9?
6
What is the remainder when 134 is divided by 108?
26
What is the remainder when 119 is divided by 18?
11
Calculate the remainder when 3238 is divided by 5.
3
Calculate the remainder when 269 is divided by 11.
5
What